 1 + -77?
-100
Evaluate 42 - (18 - -30 - 17).
11
What is (-15 - 23 - -36) + -17 + 20?
1
Calculate 9 + -1 - (-20 + (3 - 5) - (938 + -946)).
22
Calculate 6 + (-15 - -12) - 31 - -88.
60
What is (-3 - 3 - 2) + -1 - (-7 + -11) - 63?
-54
What is -17 - (-50 - 6) - -5 - (-2 - -10)?
36
What is the value of 51 - 10 - (97 + -53 + 5)?
-8
What is 95 + (-173 - -97) + -66 + 1?
-46
-1 + 118 + -9278 + 9167
6
Calculate 5 + 15 + -8 - (9 + (-43 - 0)).
46
Calculate -43 - (64 + (-6 - 2 - 19)).
-80
What is -27 - (4 + -14) - 17 - -25?
-9
Calculate -73 + (-58 - -25 - -63).
-43
What is the value of -4865 - -4850 - (-4 + 3 + -49 - -1)?
34
Evaluate 17 + (0 - 6 - -1) + 25 + -5 + -14.
18
Calculate -6 - (-8 + 7) - (166 + -162).
-9
What is 11 + -54 + 5 + -2?
-40
-98 + 163 + -181 + 99
-17
What is -86 + 68 + (0 - 6 - 9 - (-2 - 3))?
-28
48 - ((7 - 101) + (5 - -43))
94
What is 80 + -68 + 84 + -78 + (-1 - 4)?
13
Evaluate (-51 - (4 + (1 - 10))) + 2 + 7.
-37
Evaluate 90 + -131 + 57 + (-1 - -35).
50
What is 61 + -12 - (-1 + -11 + (-8 - -36))?
33
Calculate -67 + -304 + 320 + (-9 - 3) + -1.
-64
Calculate 58 + (-60 - -27) + -169 + 11 + 0.
-133
31 + 5 + (-8 + 29 - 48)
9
Evaluate -6 - (-3 - ((0 - -7) + -13)) - -54.
45
Evaluate (-45 - 77) + 62 + 76.
16
What is the value of (120 + -91 - (-16 - -1)) + -18?
26
What is (-43 - 16 - 4) + -15 + -10 - -14?
-74
What is (-18 - -35) + 33 + -6?
44
Calculate (37 - 11) + -32 - 8.
-14
Evaluate 4 - ((-23 - -20) + -3) - -10.
20
What is -59 + (-62 - -42) + 14 + -14?
-79
-15 - 124 - (40 - (133 + -56))
-102
Evaluate 27 - (-15 - -87 - (-45 + 77)).
-13
-10 + (-29 + 6 - ((-55 - -38) + 1))
-17
Evaluate -1 - (-37 + 3 + 0 - -90).
-57
What is the value of (-1 + 4 - -1 - 0) + -76 + (-169 - -193)?
-48
What is 64 - (180 + -51) - -121?
56
(-1 + 2 - (-298 + 289)) + 78 + 12 + -1
99
(-2 - (7 + -45 - -14)) + -13 - 24
-15
-42 - ((19 - 2) + 15 + -36)
-38
Calculate 1 + -9 + -27 + 33 + 1.
-1
(-8 - ((-7 - -36) + -44)) + -58
-51
Evaluate 60 + (-33 - 15) - ((-2 - -89) + (-12 - -16)).
-79
15 - (36 - (63 - 40))
2
What is the value of (-8 - -10 - 30) + 1 + -22?
-49
What is -10 + 5 + (13 - 22) + (-27 - -3)?
-38
What is the value of 16 - 10 - -16 - 65?
-43
What is the value of (0 - -2 - 25) + 10 + 1 + 78?
66
-102 + 122 - (0 - (-1 - 4)) - -13
28
(-4 + 7 + -8 + 4 + 7 - 120) + 1
-113
Calculate 16 + 33 + (-94 - -51).
6
Evaluate -21 + (30 - 15) + -81 + 4 + 0 + -4.
-87
What is the value of (8 - -24) + -215 + 176 + (-76 - (-1 - 1))?
-81
30 - (-17 + -3 + -18 + -44)
112
Calculate 18 + (1 - 5) + (-60 - -59).
13
What is the value of -32 + (20 - -3 - 10)?
-19
-3 + 1 - (33 - (30 + (-6 - -106 - -8)))
103
-93 + (-3 - (16 + -10)) + (21 - 0) + -4
-85
What is -26 + (124 - (108 + 13))?
-23
Calculate 39 - 2 - (-141 - -194) - (-2 - -21).
-35
What is (-44 - 1) + (13 - 35) + -2 + 16 - 8?
-61
Calculate -13 + (-63 - -27) + 8.
-41
Evaluate -33 + 22 + 0 + 0 + 14 + 57.
60
What is 16 + -5 + -5 + 15 + -29?
-8
Evaluate -23 + 3 + 6 - (-1 - (8 + -18)).
-23
Evaluate (12 - -1 - -11) + (-54 - -36).
6
Evaluate -10 + (-23 - -4) - (602 + -563).
-68
What is the value of -35 + 5 - ((8 - -10) + -16 + (4 - -6))?
-42
-63 - -44 - -17 - (2 - 4 - -2 - 62)
60
Evaluate 9 - (18 + (1 - -9 - (130 + -124))).
-13
73 - 105 - (-60 - (17 + -18))
27
Evaluate 99 - (-2 + 47 - -2).
52
Evaluate (0 - 3) + (854 - 865).
-14
What is (4717 - 4745) + (3 - 5 - -1) + 0?
-29
What is the value of (-17 + (-1 - -2) - (7 + -5 + -12)) + 59?
53
What is -2 + 28 + 258 + -285 + -23?
-24
(1 + -5 - (-7 + (22 - 1))) + 14
-4
What is the value of -894 - -887 - (1 + (3 - 1) + 1)?
-11
Calculate 143 + -121 + (-12 - -3) - (-78 + -5).
96
Calculate -18 - (6 + (14 - 35)) - 13.
-16
(10 - (20 - (-9 + 7) - -6) - -11) + -56
-63
What is (2 + -29 + 16 - -4) + 10?
3
What is (2 - -14 - (-113 - -126)) + 54?
57
What is 32 + -15 + 30 + -42?
5
(0 - (1 + (-8 - 0))) + (-1 - (-10 - -2))
14
Evaluate 4 + 6 + 1 - (-88 - (0 + (67 - 28))).
138
4 - -2 - -2 - (-3 + 12)
-1
1 + (-9 + 11 - -3 - (101 + 10 + -8))
-97
What is the value of 12 + -93 - (-7 + 5 + (-17 - -9 - 4))?
-67
Evaluate 12 - ((3 - (9 - 10)) + -10 + -14).
32
Calculate (-10 - -3) + (-5 + 36 - 7).
17
Evaluate (2 + -3 + -100 + 91 - -11) + (2 - 94).
-91
Calculate (7 - -15) + -5 - ((-9 - -1) + (133 - 135)).
27
What is the value of 166 + (-55 - 22) - 145?
-56
Evaluate (11 - (12 - -6) - 4 - -38) + -11.
16
-27 - (49 + -45 - 36)
5
-1 - (4 + -6) - (1073 - 1056)
-16
What is the value of 25 + (-24 + -20 - -77)?
58
Evaluate 0 + 3 + 28 - (2211 - 2187).
7
Evaluate -16 + (-8 - -11 - 46).
-59
What is the value of (-29 + 21 - (-1 + 2)) + -1 - -33?
23
What is the value of 4 + 23 + 0 - (976 - 879)?
-70
What is the value of 24 + 31 + (-2 + 27 - 8) + -37?
35
Calculate (-8 - (-26 + -1 - 1)) + 4.
24
Calculate (-62 - -1) + (-86 - (-118 + 10)).
-39
What is -21 - (410 + -382 + 6 + -130)?
75
What is the value of (-10 - (16 - 42) - 34) + 40?
22
What is the value of 23 + 0 - ((11 - -6 - 17) + -7)?
30
(-12 + 16 - ((-11 - -20) + 28)) + 16
-17
Calculate -1 - 29 - (-1109 - -1063).
16
Calculate -33 + ((-58 + 65 - (-5 + 2)) + -18 - -11).
-30
What is the value of (-55 - 19) + 1 + -2 + -4 - 17?
-96
Evaluate -62 - (-7 - (2 + -5 - (7 - (25 + -15)))).
-55
What is -78 + (100 - 56 - 53)?
-87
What is (17 + -21 - 14) + 27 - (134 - (-7 - -1))?
-131
(1 - -22) + ((16 - 32) + 16 - 8)
15
Calculate (3 - 1) + 2 + -1 + 21996 + -21997.
2
Calculate 65 - (16 + (-10 - -24) - 54).
89
2 + -78 - (6 - (1 - (17 - 30) - 13))
-81
(24 - 20) + 5 + -2 + -94
-87
What is the value of (-4 - (-50 + 33)) + 13 + 5?
31
Calculate -11 - (-11 + 7) - (6 + 31 + -6) - 10.
-48
Calculate (-2 + -3 - -1 - -75) + (-3 - (-32 - -29)).
71
(-21 - 64 - -5) + 48
-32
Calculate (-14 - (0 - -6)) + 7 + 18 - 11.
-6
Calculate 1 - 0 - (-20 + (-35 - -64)) - -32.
24
What is 72 + -76 + 6 + -2 + 7?
7
Calculate -37 + -47 + (8 - (6 - (3 - (-6 + 10)))).
-83
Evaluate 8 + 0 - ((3 - -33) + -46 - (1 + -20)).
-1
What is -154 - 1 - (-37 + (-12 - (55 - 93)))?
-144
Calculate 192 + 173 + -78 + -178.
109
Calculate -14 - (87 - (128 - 27) - (0 + -42)).
-42
29 - (-12 + 27 + -27) - (2 + 8)
31
(-1 + 2 - (-2 - 1)) + 1428 + -1460
-28
1 - (9 - (8 + 3 + -12 + 12) - -69)
-66
15 + 2 + (0 - -81) + -257 + 258
99
Calculate (35 - 6) + -2 + -3 + 7.
31
Evaluate (-45 - (-36 + -21)) + (-62 - 0) - 15.
-65
What is -203 - (129 - 214) - (-35 + 2)?
-85
What is the value of (-2 - -72) + 6 + -27 + 14?
63
What is the value of 225 + -230 + (4 - 0 - 6) + 30?
23
Calculate 8 + (4 + -65 - (15 + -8 - -7)).
-67
What is the value of -12 - (19 - (-22 - (-66 - -18)))?
-5
68 - (58 + 15) - (6 - (0 - 0))
-11
Calculate -49 + -21 + 62 + (0 - -7 - -7).
6
Evaluate -1 - (-5 + -15) - (2 - (-4 + 8)).
21
What is (-52 + 1 - (-1 + 19 + -19)) + (-1 - -6)?
-45
What is the value of 5 - 32 - (42 + -63 + -16) - (-1 + 0)?
11
3 - (50 + -22 - 60)
35
Calculate (127 + -31 - 17) + -48.
31
Calculate (14 + (19 - 32) + -19 - -3) + -15.
-30
What is the value of -20 + -5 - (1 - 7)?
-19
25 + (19 - (45 + 69)) - -45
-25
What is the value of 26 + -20 + -1 - (1 + -9) - 7?
6
((0 - 20) + (-42 - (-36 + -13)) - -12) + 8
7
What is 49 - (172 - 85 - 22)?
-16
Calculate (1789 - 1751) + -54 + -1.
-17
Calculate (46 - (-65 - -89)) + 79.
101
What is 5 + -5 + (-10 - -4) + (502 - 419)?
77
Calculate -9 + -16 + 62 + (74 - 17).
94
Calculate 8 + (-8 + (-5 + 28 - 6) - 1).
16
Evaluate 9078 + -9066 - (-1 + 23 - 0).
-10
Calculate -29 + (-1 - ((61 - 59) + -1 + -8)).
-23
What is the value of (8 - (12 - -12)) + -17 + 2?
-31
What is the value of 1 + (2 - -2) - (14 + -3 + (12 - -3))?
-21
Evaluate 3 + (-2 - (1 + (0 - 13))) + -900 + 930.
43
Evaluate -1 - ((13 - -2 - -7) + 2 + -4).
-21
Evaluate 13 - (14 - (7 - -10 - -63)).
79
What is the value of 19 - (-8 - (-57 + -16))?
-46
What is the value of 10 + -3 - (-2 - (13 + -7 + 4 - 26))?
-7
What is the value of (-3 - 8) + 44 + -58 + 3 + -1 + 13?
-10
Evaluate 41 - 72 - (-6 + 4 + 4).
-33
What is the value of -477 + 486 - (-3 + (-2 - (-3 - -2)) - -119)?
-106
18 - (-17 - -13) - (-3 + 40)
-15
What is -19 - (-32 - (39 - 40))?
12
What is (90 - 69 - 110) + (1 - (2 - (4 - -8)))?
-78
Evaluate 43 - (-12 - (-67 - -40)).
28
What is the value of -39 + 98 + (-12 - (2 - 3) - (-3 - -1))?
50
What is the value of 0 + 117 + (1155 - 1144) + -4 + 3 + 1?
128
What is the value of -11 + -103 - (170 - 229)?
-55
What is 698 